be r(4). Let z(f) = 3*f + 1. Let j be z(3). What is the greatest common divisor of j and p?
10
Let q be 3 + (0 + -4)/(-1). Let s = q - -84. What is the highest common factor of 13 and s?
13
Let r be 7/2 + (-1)/2. Suppose -r - 5 = -i. Calculate the highest common factor of i and 40.
8
Suppose -3*n + 3*f - 9 + 51 = 0, 8 = -2*f. Let a be 62/5 + 6/n. Calculate the greatest common factor of 39 and a.
13
Suppose 0 = r - c + 2*c - 8, 4*c + 22 = 5*r. Suppose 2*s - r = 16. What is the greatest common divisor of s and 99?
11
Let y(x) = 26*x - 4. Let r be y(6). Calculate the highest common factor of 19 and r.
19
Suppose -2*p + 115 = 3*p. Suppose -5*o = -47 - p. Calculate the highest common factor of o and 28.
14
Let j be (-13 + 10)/(6/(-224)). Let u be (3/(-2))/((-3)/j). Calculate the greatest common factor of 14 and u.
14
Suppose 40 = -3*j - j. Let z = 6 + j. Let r(y) = -3*y - 2. Let n be r(z). What is the greatest common divisor of n and 5?
5
Let a be ((-5)/2)/((-3)/6). Suppose 2*f - 35 + 109 = 4*s, 86 = a*s + 4*f. What is the greatest common divisor of s and 90?
18
Let n be 3/6 - 63/6. Let x be (16/n)/((-16)/40). Suppose 5*z = 20, -v - v - 18 = -5*z. Calculate the greatest common factor of v and x.
1
Let s(o) = o**2 + 13*o - 50. Let z be s(-19). Let i be (-2)/5*-4*5. Calculate the greatest common factor of i and z.
8
Suppose -456 = 82*c - 86*c. What is the highest common factor of 6 and c?
6
Suppose n - 6 = -3. Suppose -42 = -d - 4*r, 0*d = n*d - 4*r - 46. Calculate the greatest common divisor of d and 33.
11
Let i(n) = -3*n - 1. Let o be i(-2). Suppose 2*q = 2*d + 22, -o*q - 2*d + 48 = 7. What is the highest common factor of 63 and q?
9
Let s(r) = r**2 + 9*r + 18. Let n be s(-7). What is the highest common factor of n and 52?
4
Let t be ((-30)/(-4))/((-15)/(-40)). Let l(q) = -5*q**3 - q**2 - q - 1. Let d be l(-1). Let c be 2*(1 + d)*1. What is the highest common factor of t and c?
10
Suppose -220 = -0*i - 4*i. Let b = 10 + -16. Let w = -1 - b. What is the greatest common divisor of i and w?
5
Let c(b) = -26*b**3 + b. Let j be c(-1). Calculate the greatest common factor of j and 275.
25
Suppose 2*x = -5*n + 32 + 103, 4*n - 3*x = 131. Calculate the highest common divisor of 232 and n.
29
Let a = 208 + 243. Calculate the greatest common factor of a and 41.
41
Suppose 3*o - 3 = -5*s + 2, 4*o + 40 = 5*s. Calculate the highest common factor of 44 and s.
4
Let l be (4/6)/((-2)/(-15)). Suppose -j + 5*h + 66 = 0, 4*h = -l*j - 9 + 281. What is the greatest common factor of 8 and j?
8
Suppose 0 = -m + 2 - 0. Suppose m*l + 10 = 3*l. Calculate the highest common factor of 80 and l.
10
Suppose -10 = -3*z + 2*l, 4*l + 15 = 5*z - 3. Suppose -z*b = -x - 17, 3*b + 3*x - 27 = 3. What is the greatest common factor of 45 and b?
9
Let h(r) = -78*r**3 - 2*r**2 - 2*r - 1. Let a be h(-1). Calculate the highest common divisor of 7 and a.
7
Let f be 2/(-2*3/(-54)). Suppose 0 = 2*v + 2 + 2, -3*h = -2*v - 7. Let w be 1 - (4*-1 - h). Calculate the greatest common divisor of f and w.
6
Let a(q) = q + 9. Let k(p) = -p + 12. Let f be k(6). Let n be a(f). What is the highest common factor of n and 45?
15
Let h be 2/7 - 2640/(-21). Calculate the greatest common factor of h and 18.
18
Suppose 5*h - 4*h = 1. What is the greatest common factor of 7 and h?
1
Let x be (-272)/(-6) - 12/9. What is the highest common factor of 4 and x?
4
Suppose -5*a - 10 = -5*t, 0 = t - 4*a + 3 + 1. Suppose -6*d + 40 = -t*d. Calculate the highest common divisor of 5 and d.
5
Suppose 0 = -3*r + 3*b + 18, -2*r + 4*b - 3*b + 10 = 0. Calculate the greatest common factor of 4 and r.
4
Let t(b) = -b**3 - 2 - 7*b**2 + 2 - 1 + b**2 - 6*b. Let s be t(-5). What is the greatest common factor of 1 and s?
1
Let r = -12 - -2. Let y = r - -19. Suppose 52 = 5*s - 83. Calculate the highest common divisor of y and s.
9
Suppose -2*j - 1 + 5 = 0. Let l(n) = n**3 + n**2 - 2*n - 1. Let f be l(j). Calculate the highest common divisor of 77 and f.
7
Let u be (-1)/(5/45)*-20. Let o be 4 - 1 - 1 - -32. Let l = o - 14. Calculate the highest common divisor of u and l.
20
Let x = -1 - -6. Suppose -x*r = -r - 36. What is the greatest common divisor of r and 81?
9
Let a(w) be the first derivative of -w**2 - 3 - 2*w**2 - w**2 - w. Let v be a(-2). What is the greatest common factor of v and 6?
3
Suppose -8*m = -680 + 152. What is the greatest common divisor of 22 and m?
22
Let k(w) = w + 1. Let r be k(3). Suppose -b + 13 = -r*l, -3*b - l + 9 = -4. Let j = 14 + 11. Calculate the highest common divisor of j and b.
5
Let b(w) = -w**2 - 8*w - 12. Let m be b(-4). Calculate the greatest common divisor of m and 6.
2
Suppose -4*u = -2 - 22. Suppose 92 = u*w - 2*w. Calculate the greatest common factor of 184 and w.
23
Let n = 19 + -17. Let q = 19 - 1. Calculate the greatest common divisor of q and n.
2
Suppose 23*d = 28*d - 80. What is the highest common divisor of 40 and d?
8
Let p = -9 - -14. What is the greatest common factor of p and 10?
5
Suppose 2*k = 3*k - 99. Let u(q) = q**2 + 10*q - 3. Let g be u(-9). Let n be (g/20)/1*-15. Calculate the greatest common divisor of k and n.
9
Let k = 18 + 172. Calculate the greatest common factor of k and 38.
38
Let r = -148 - -283. Calculate the greatest common divisor of r and 15.
15
Suppose -2*n + 352 = 2*n. Let u(c) = c**3 + 8*c**2 + 7*c + 11. Let i be u(-7). What is the highest common divisor of n and i?
11
Let l(t) = t**2 - 8*t + 1. Let f be l(8). Let r be -1 + f + 5 + 0. Let n be 5/1*8/r. Calculate the highest common divisor of n and 1.
1
Let x = -3 - -3. Suppose 2*u + u - 9 = x. What is the highest common factor of 1 and u?
1
Let z be -20*(26/(-8))/1. What is the greatest common divisor of z and 13?
13
Let k(l) = -11*l**3 + l**2 - 1. Let h be k(-1). What is the greatest common divisor of h and 11?
11
Let h(i) = -2*i + 3. Let l(d) = d - 2. Let y(k) = 2*h(k) + 3*l(k). Let v be y(-6). Let s be (3/6)/(2/12). Calculate the highest common factor of s and v.
3
Let w = 54 + -51. Let b(f) = f**3 + 8*f**2 + 9*f + 3. Let r be b(-6). Calculate the greatest common factor of r and w.
3
Let q be 7 + -2 - 20/(-4). Suppose 2*b - 3*b + 5 = -3*a, 0 = -3*b + 2*a + 50. Calculate the greatest common divisor of q and b.
10
Let s = -7 - -16. Let k(p) = 13*p + 3. Let j be k(6). Calculate the greatest common factor of j and s.
9
Let p be (1 - 26/10)/((-4)/10). Calculate the highest common divisor of p and 8.
4
Suppose -138 = 4*f - 530. What is the highest common factor of 14 and f?
14
Suppose -4*n - 37 = -4*x + 23, -3*x = -n - 45. Calculate the greatest common divisor of 10 and x.
5
Let i = 7 + -4. Suppose h - i = 21. Suppose -4*f + h = -20. What is the highest common divisor of f and 11?
11
Let v(y) = 2*y - 21. Let h(i) = i - 14. Let m(s) = 8*h(s) - 5*v(s). Let d be m(-7). What is the highest common divisor of d and 56?
7
Let z = 63 - 27. Let u = 4 - 0. Calculate the highest common divisor of u and z.
4
Suppose -6*l - 225 = -11*l. Calculate the greatest common factor of 9 and l.
9
Let c(t) = -t**2 + 6*t - 4. Let s be c(4). Suppose -3*i + 0 + 6 = 0. Suppose f = -i*a - 2 + 6, -f = -a - 1. Calculate the highest common divisor of f and s.
2
Let r = 32 - 21. Let b = 35 - r. Calculate the highest common divisor of 16 and b.
8
Suppose 0*m = -2*m + 112. Suppose a = 4*v + m, 0 = -2*v - 0*v - 3*a - 42. Let n = v - -35. What is the highest common divisor of 50 and n?
10
Let r(u) be the first derivative of -u**4/4 + 2*u**3 - 2*u**2 - u - 4. Let v be r(5). Calculate the greatest common factor of v and 2.
2
Let k(a) = a**2 - 17*a + 16. Let v be k(16). Suppose v = -j - 4*j + 30. Calculate the greatest common divisor of 30 and j.
6
Let j(v) = v**3 - 7*v**2 - 1. Let k be j(7). Let s be 21*k*(-2)/3. Calculate the greatest common divisor of s and 126.
14
Suppose -3*d + 12 = 0, -t + 6 = d + 2. Suppose -5*u - 23 = -f, -4*f = u - 2*u - 16. Let k = f + t. What is the greatest common divisor of 3 and k?
3
Let a(s) = -s**3 + 10*s**2 - 9*s + 6. Let r be a(9). Suppose 3*f = 2*n + 63, -r*n + 63 = 3*f - n. What is the greatest common factor of f and 3?
3
Suppose 5*y + 4*q = -q + 50, -y + q = 0. What is the greatest common factor of y and 40?
5
Suppose 2*t = t + 2*w + 5, 4*t - 8 = 4*w. Let u be (2/(-4))/(t/24). Calculate the highest common factor of